 common factor of 82625 and 1613750?
125
Calculate the highest common factor of 146228 and 40588.
556
What is the greatest common divisor of 323412700 and 2080?
260
Calculate the highest common factor of 4656 and 106603.
97
Calculate the greatest common divisor of 11026707 and 285.
57
What is the greatest common divisor of 40 and 48676340?
20
What is the highest common divisor of 2582944 and 7072?
416
Calculate the highest common divisor of 26 and 775002683.
13
What is the greatest common divisor of 25733610 and 5?
5
Calculate the greatest common factor of 267 and 15969270.
267
What is the highest common divisor of 8832 and 106272?
96
Calculate the greatest common divisor of 18375 and 28265475.
525
What is the greatest common factor of 406697 and 7?
1
Calculate the highest common divisor of 429 and 9167829.
33
What is the highest common factor of 8948219 and 322?
161
What is the greatest common factor of 292120630 and 28196?
2014
Calculate the greatest common factor of 425838 and 23058.
42
Calculate the greatest common divisor of 846 and 5873214.
282
What is the greatest common factor of 252200 and 13800?
200
Calculate the highest common divisor of 3004542 and 378.
18
Calculate the highest common divisor of 28668198 and 624.
78
Calculate the greatest common factor of 5224920 and 180.
60
Calculate the greatest common factor of 7429 and 156818370.
391
What is the highest common factor of 6683 and 539041?
163
Calculate the greatest common divisor of 604200 and 3392.
424
Calculate the greatest common factor of 22 and 1299441.
11
What is the greatest common divisor of 6076 and 475602?
62
What is the greatest common divisor of 35 and 575863575?
35
What is the highest common factor of 8316 and 653532?
132
Calculate the greatest common factor of 65 and 126281870.
65
What is the greatest common divisor of 533498 and 23373?
371
Calculate the highest common factor of 105680 and 3065.
5
Calculate the greatest common factor of 24 and 1389352.
8
What is the greatest common divisor of 14972030 and 1270?
1270
What is the highest common factor of 2011 and 63802997?
2011
What is the greatest common divisor of 1988 and 379876?
28
Calculate the highest common factor of 8904 and 40419708.
4452
What is the greatest common divisor of 14945924 and 250852?
8092
What is the highest common divisor of 4480824 and 3912?
24
What is the highest common factor of 117011013 and 3?
3
What is the greatest common factor of 2415 and 53043405?
345
Calculate the greatest common divisor of 30257941 and 490.
49
Calculate the highest common divisor of 627995 and 2343071.
4331
Calculate the highest common factor of 348 and 16253804.
116
What is the greatest common divisor of 150 and 367291950?
150
What is the highest common divisor of 24221160 and 40?
40
What is the highest common factor of 930132 and 238?
14
What is the greatest common divisor of 378 and 311072670?
54
Calculate the greatest common divisor of 10114407 and 37719.
1143
Calculate the highest common divisor of 107356 and 3996.
4
Calculate the highest common divisor of 1440 and 880074.
18
Calculate the greatest common divisor of 432 and 779193.
27
Calculate the greatest common factor of 426919790 and 5060.
2530
What is the highest common divisor of 40 and 149461?
1
What is the greatest common factor of 15458 and 9558?
118
Calculate the greatest common divisor of 150 and 78461550.
150
What is the highest common divisor of 105 and 20750730?
105
Calculate the highest common factor of 52 and 4245163.
13
What is the greatest common divisor of 7402131 and 1188?
297
What is the highest common divisor of 391 and 1394927?
23
What is the greatest common divisor of 6706960 and 17680?
1040
Calculate the highest common divisor of 338165 and 1767092.
1439
Calculate the greatest common factor of 12078092 and 663.
221
What is the highest common divisor of 393909075 and 295?
295
What is the highest common divisor of 105958000 and 22217?
1709
What is the highest common factor of 4529472 and 2325?
93
What is the greatest common factor of 13804 and 141832156?
1972
What is the greatest common factor of 1259128 and 39?
13
What is the highest common divisor of 77750 and 3603868?
622
Calculate the greatest common factor of 62 and 229533982.
62
Calculate the greatest common divisor of 4908 and 18606.
6
What is the greatest common factor of 738634 and 13?
13
Calculate the greatest common factor of 104086 and 12070.
142
What is the greatest common factor of 6048489 and 2129?
2129
What is the greatest common divisor of 92011569 and 1742?
871
Calculate the greatest common divisor of 2779 and 25564.
7
Calculate the highest common divisor of 41077028 and 68.
4
Calculate the greatest common factor of 455670 and 3402585.
3735
What is the highest common divisor of 7112345 and 20?
5
What is the greatest common divisor of 90283350 and 600?
150
Calculate the highest common divisor of 25 and 1685225.
25
What is the greatest common factor of 12400015 and 65?
5
What is the greatest common factor of 97 and 2933571?
97
What is the greatest common divisor of 12873828 and 2805?
561
Calculate the highest common factor of 489 and 21409235.
163
What is the greatest common factor of 1079 and 54404259?
1079
Calculate the greatest common factor of 69714 and 778842.
54
What is the greatest common divisor of 41781398 and 2718?
302
What is the greatest common divisor of 29274 and 1498?
14
Calculate the greatest common factor of 58658 and 14348.
422
Calculate the highest common factor of 230885 and 28365.
305
Calculate the greatest common divisor of 21801 and 7137.
39
Calculate the greatest common factor of 63300 and 45900.
300
Calculate the greatest common divisor of 54418 and 5642.
182
Calculate the highest common divisor of 84009631 and 6494.
3247
Calculate the greatest common factor of 195 and 21847475.
65
Calculate the highest common factor of 43548 and 191064.
228
What is the greatest common factor of 866796 and 6222?
102
What is the highest common factor of 28912427 and 136?
17
What is the greatest common factor of 3956 and 8900011?
989
Calculate the greatest common divisor of 200 and 7126920.
40
Calculate the greatest common factor of 4109571 and 1311.
69
Calculate the highest common divisor of 84 and 26769834.
42
What is the highest common factor of 312017 and 24941?
509
Calculate the highest common factor of 9711 and 73455.
249
Calculate the greatest common factor of 29200809 and 65604.
2343
What is the highest common divisor of 750290 and 330?
10
Calculate the greatest common divisor of 12483274 and 258257.
2557
Calculate the highest common divisor of 198 and 105317454.
66
Calculate the highest common factor of 132743 and 3.
1
Calculate the greatest common factor of 4431526 and 32062.
1394
Calculate the highest common divisor of 24 and 1758928.
8
What is the highest common divisor of 36554 and 197911?
49
What is the greatest common factor of 102348 and 43938?
18
Calculate the highest common factor of 1635 and 3455845.
545
Calculate the highest common factor of 129341605 and 10871.
1553
Calculate the highest common divisor of 4059640 and 101920.
520
What is the greatest common factor of 285818 and 4342?
26
Calculate the greatest common divisor of 1310 and 48276775.
655
Calculate the highest common factor of 541909 and 10033.
127
What is the greatest common divisor of 124424235 and 60?
15
What is the greatest common divisor of 94224 and 35304?
24
What is the highest common divisor of 197716819 and 2234?
1117
What is the greatest common divisor of 70787 and 21158?
71
What is the greatest common divisor of 18288 and 21045424?
2032
What is the highest common divisor of 1634457 and 792?
33
What is the highest common factor of 4 and 184088852?
4
Calculate the highest common factor of 36 and 258193692.
36
What is the greatest common divisor of 840 and 207962832?
168
Calculate the highest common divisor of 2380 and 8297996.
28
Calculate the greatest common divisor of 4578 and 534753.
3
Calculate the highest common divisor of 6642 and 273150.
18
What is the greatest common divisor of 517 and 1343639?
11
What is the highest common factor of 60984 and 926292752?
6776
What is the highest common factor of 23626128 and 888?
888
Calculate the greatest common divisor of 14950222